{"id":2964,"date":"2017-06-06T15:40:36","date_gmt":"2017-06-06T13:40:36","guid":{"rendered":"http:\/\/live-asso.fr\/WordPress\/?page_id=2964"},"modified":"2023-09-08T10:23:48","modified_gmt":"2023-09-08T08:23:48","slug":"benevoles","status":"publish","type":"page","link":"https:\/\/www.live-asso.fr\/WordPress\/emplois-stages-benevolat\/benevoles\/","title":{"rendered":"B\u00e9n\u00e9voles"},"content":{"rendered":"<p>En 30 ann\u00e9es d\u2019existence, c\u2019est en partie gr\u00e2ce \u00e0 l\u2019investissement de ses b\u00e9n\u00e9voles que l\u2019Association Live \/ Bar Live s\u2019affirme aujourd\u2019hui comme un acteur culturel et musical reconnu sur Roubaix et la m\u00e9tropole.<\/p>\n<p>Concerts, expositions, projections audiovisuelles, rencontres, vinyls sessions, b\u0153ufs, ateliers artistiques \u2026<\/p>\n<p>A travers ses deux studios de r\u00e9p\u00e9tition et son bar associatif (le Bar Live), l\u2019Association Live se veut \u00eatre un lieu ouvert aux diff\u00e9rentes formes d\u2019expression, aux diff\u00e9rentes esth\u00e9tiques et un espace de soutien aux pratiques artistiques amateurs.<\/p>\n<p>Dans le cadre du d\u00e9veloppement de son activit\u00e9, l\u2019Association Live \/ Bar Live recherche des b\u00e9n\u00e9voles qui souhaitent s\u2019investir dans son projet associatif et sur ses \u00e9v\u00e9nements.<\/p>\n<p>Toute l\u2019ann\u00e9e, l\u2019Association Live accueille des b\u00e9n\u00e9voles, stagiaires et intervenants qui \u00e9volue aux c\u00f4t\u00e9s de l\u2019\u00e9quipe salari\u00e9e.<\/p>\n<p>Vous trouverez sur cette page toutes les annonces et offres de l\u2019 association.<\/p>\n<p>Pour toute candidature spontan\u00e9e, merci d\u2019adresser celle-ci l\u2019Association Live.<\/p>\n<p>Association Live \/ Bar Live<br \/>\n301 avenue des Nations Unies<br \/>\n59100 Roubaix<br \/>\n<a href=\"mailto:contact@association-live.fr\">contact@association-live.fr<\/a><\/p>\n<p>03 20 80 75 35<\/p>\n","protected":false},"excerpt":{"rendered":"<p>En 30 ann\u00e9es d\u2019existence, c\u2019est en partie gr\u00e2ce \u00e0 l\u2019investissement de ses b\u00e9n\u00e9voles que l\u2019Association Live \/ Bar Live s\u2019affirme aujourd\u2019hui comme un acteur culturel et musical reconnu sur Roubaix&#8230;<\/p>\n","protected":false},"author":12,"featured_media":0,"parent":901,"menu_order":0,"comment_status":"closed","ping_status":"closed","template":"","meta":{"footnotes":""},"class_list":["post-2964","page","type-page","status-publish","hentry"],"_links":{"self":[{"href":"https:\/\/www.live-asso.fr\/WordPress\/wp-json\/wp\/v2\/pages\/2964"}],"collection":[{"href":"https:\/\/www.live-asso.fr\/WordPress\/wp-json\/wp\/v2\/pages"}],"about":[{"href":"https:\/\/www.live-asso.fr\/WordPress\/wp-json\/wp\/v2\/types\/page"}],"author":[{"embeddable":true,"href":"https:\/\/www.live-asso.fr\/WordPress\/wp-json\/wp\/v2\/users\/12"}],"replies":[{"embeddable":true,"href":"https:\/\/www.live-asso.fr\/WordPress\/wp-json\/wp\/v2\/comments?post=2964"}],"version-history":[{"count":9,"href":"https:\/\/www.live-asso.fr\/WordPress\/wp-json\/wp\/v2\/pages\/2964\/revisions"}],"predecessor-version":[{"id":5742,"href":"https:\/\/www.live-asso.fr\/WordPress\/wp-json\/wp\/v2\/pages\/2964\/revisions\/5742"}],"up":[{"embeddable":true,"href":"https:\/\/www.live-asso.fr\/WordPress\/wp-json\/wp\/v2\/pages\/901"}],"wp:attachment":[{"href":"https:\/\/www.live-asso.fr\/WordPress\/wp-json\/wp\/v2\/media?parent=2964"}],"curies":[{"name":"wp","href":"https:\/\/api.w.org\/{rel}","templated":true}]}}