{"id":3806,"date":"2019-07-03T17:42:39","date_gmt":"2019-07-03T15:42:39","guid":{"rendered":"http:\/\/localhost:8888\/WordPress\/?page_id=3806"},"modified":"2019-07-29T12:39:10","modified_gmt":"2019-07-29T10:39:10","slug":"mentions-legales","status":"publish","type":"page","link":"https:\/\/www.live-asso.fr\/WordPress\/mentions-legales\/","title":{"rendered":"Mentions l\u00e9gales"},"content":{"rendered":"\n<h4 class=\"wp-block-heading\">Si\u00e8ge social<\/h4>\n\n\n\n<p>Association Live \/ Bar Live<br>301 avenue des Nations Unies<br>59100 Roubaix<\/p>\n\n\n\n<h4 class=\"wp-block-heading\">Contact<\/h4>\n\n\n\n<p>T\u00e9l. : +33 3 20 80 75 35<br>E-Mail : <a href=\"mailto:contact@association-live.fr\">contact@association-live.fr<\/a><\/p>\n\n\n\n<h4 class=\"wp-block-heading\">Repr\u00e9sentant l\u00e9gal<\/h4>\n\n\n\n<p>Monsieur Messaoud FERKIOUI<\/p>\n\n\n\n<h4 class=\"wp-block-heading\">SIRET<\/h4>\n\n\n\n<p>400 912 945 00021<\/p>\n\n\n\n<h4 class=\"wp-block-heading\">H\u00e9bergement<\/h4>\n\n\n\n<p>Le site <a href=\"http:\/\/association-live.fr\">http:\/\/association-live.fr<\/a> est h\u00e9berg\u00e9 par : <br>OVH<br>2 rue Kellermann<br>59100 Roubaix<br>T\u00e9l. : 1007<br>Site web : <a href=\"https:\/\/www.ovh.com\/fr\/\" target=\"_blank\" rel=\"noreferrer noopener\" aria-label=\" (s\u2019ouvre dans un nouvel onglet)\">https:\/\/www.ovh.com\/fr\/<\/a><\/p>\n\n\n\n<h4 class=\"wp-block-heading\">Cr\u00e9dits<\/h4>\n\n\n\n<p>Le site <a href=\"http:\/\/association-live.fr\">http:\/\/association-live.fr<\/a> utilise le th\u00e8me WordPress <a href=\"https:\/\/themeforest.net\/item\/soundboard-a-premium-responsive-music-wordpress-theme-\/2558532?gclid=EAIaIQobChMI8LvK6PfZ4wIVi7TtCh1bzwTvEAAYASAAEgLgyfD_BwE\">Soundboard<\/a><\/p>\n\n\n\n<p><\/p>\n","protected":false},"excerpt":{"rendered":"<p>Si\u00e8ge social Association Live \/ Bar Live301 avenue des Nations Unies59100 Roubaix Contact T\u00e9l. : +33 3 20 80 75 35E-Mail : contact@association-live.fr Repr\u00e9sentant l\u00e9gal Monsieur Messaoud FERKIOUI SIRET 400&#8230;<\/p>\n","protected":false},"author":12,"featured_media":0,"parent":0,"menu_order":0,"comment_status":"closed","ping_status":"closed","template":"","meta":{"footnotes":""},"class_list":["post-3806","page","type-page","status-publish","hentry"],"_links":{"self":[{"href":"https:\/\/www.live-asso.fr\/WordPress\/wp-json\/wp\/v2\/pages\/3806"}],"collection":[{"href":"https:\/\/www.live-asso.fr\/WordPress\/wp-json\/wp\/v2\/pages"}],"about":[{"href":"https:\/\/www.live-asso.fr\/WordPress\/wp-json\/wp\/v2\/types\/page"}],"author":[{"embeddable":true,"href":"https:\/\/www.live-asso.fr\/WordPress\/wp-json\/wp\/v2\/users\/12"}],"replies":[{"embeddable":true,"href":"https:\/\/www.live-asso.fr\/WordPress\/wp-json\/wp\/v2\/comments?post=3806"}],"version-history":[{"count":9,"href":"https:\/\/www.live-asso.fr\/WordPress\/wp-json\/wp\/v2\/pages\/3806\/revisions"}],"predecessor-version":[{"id":3875,"href":"https:\/\/www.live-asso.fr\/WordPress\/wp-json\/wp\/v2\/pages\/3806\/revisions\/3875"}],"wp:attachment":[{"href":"https:\/\/www.live-asso.fr\/WordPress\/wp-json\/wp\/v2\/media?parent=3806"}],"curies":[{"name":"wp","href":"https:\/\/api.w.org\/{rel}","templated":true}]}}